439
Suppose -11*u + 343*u - 2346908 = 0. List the prime factors of u.
7069
Let x(q) = 7*q**2 - 99*q + 2361. What are the prime factors of x(64)?
24697
Let d = 20174 + -4964. What are the prime factors of d?
2, 3, 5, 13
Let o = -96 - -434. Suppose -15*a + 260 - 200 = 0. Suppose a*v = n + o + 63, -499 = -5*v - n. List the prime factors of v.
2, 5
Let b(w) = 1726*w**2 - 629*w - 629. List the prime factors of b(-1).
2, 863
Let u be 4 - (-642)/3*4/8. Suppose 109*p = u*p - 1364. List the prime factors of p.
2, 11, 31
Let s = 849 + -279. Let c be (38/95)/(1/s). Suppose -i = -4*b - 76, i - c = -2*i + 3*b. List the prime factors of i.
2, 19
Suppose -15*z - 8344 = -7*z. Let v = -552 - z. List the prime factors of v.
491
Let c(n) = 3*n**2 + 2*n + 22. Let b be c(7). Suppose 180*l + 306 = b*l. List the prime factors of l.
2, 3, 17
Let j be 8/2 - (15 - 14). Suppose 3*h - 5*b - 640 = 0, 0 = j*h - 3*b + 8*b - 680. What are the prime factors of h?
2, 5, 11
Let c(a) be the first derivative of 2*a**3/3 - 13*a**2/2 - 31*a - 28. What are the prime factors of c(-10)?
13, 23
Let y = -54 - -61. Let s(c) = -c + 11. Let t be s(y). Suppose -156 = -t*g + 388. What are the prime factors of g?
2, 17
Let i(w) be the second derivative of 1/6*w**3 + 11/3*w**4 + 0 - w**2 + 25*w. What are the prime factors of i(1)?
43
Let m = -123 - -139. Suppose m*g - 15*g = 160. Let a = g - -96. List the prime factors of a.
2
Let p(u) be the third derivative of 3*u**4/8 + 25*u**3/2 - 4*u**2 + 13. What are the prime factors of p(-8)?
3
Suppose 5*z = 2*v + 62065 - 14622, v = -4. What are the prime factors of z?
53, 179
Suppose 3*i + 2*f - 49 = 667, 0 = -i - f + 239. Let s = i + -144. List the prime factors of s.
2, 47
Let s be (-4)/10 - (-189)/35. Suppose -4*i = -s*i + 117. Suppose 0 = -2*f + p + i - 27, -p + 2 = 0. What are the prime factors of f?
2, 23
Let k(g) = 81*g + 77. Let z be k(7). Let n = z - 593. What are the prime factors of n?
3, 17
Let b = -2108 + 8788. List the prime factors of b.
2, 5, 167
Let x(m) = -43*m + 6. Suppose -4*g = -4, 5*w + g - 205 = -54. Let u = 27 - w. List the prime factors of x(u).
3, 5
Let g be 5 - (1/2 + (-612)/24). Suppose -g*n - 1647 = -33*n. List the prime factors of n.
3, 61
Let f(x) = x**2 - 5*x - 10. Let g be f(7). Suppose g*a - 14 = 22. Suppose -78 = a*k - 11*k. What are the prime factors of k?
3, 13
Let p be 1/1 - 4 - -8. Suppose 16 = 4*v - 0*v, -s - p = -2*v. Suppose s*y - 88 = -5*q + 209, -y + 5*q + 99 = 0. List the prime factors of y.
3, 11
Suppose 12325 = 3*t - 4*u, 0 = 5*t - 2*u + 3953 - 24504. List the prime factors of t.
4111
Suppose -447*d = -493*d + 580106. What are the prime factors of d?
12611
Let t = -9 - 0. Suppose -108 = -7*d - 2*d. List the prime factors of (-1014)/t - (-4)/d.
113
Suppose k + 21565 = g, g - 7536 = -k + 14015. List the prime factors of g.
2, 3, 3593
Suppose 0 = -5*p + 10184 + 15701. List the prime factors of p.
31, 167
Suppose -2*m + 2*i - 3190 = 0, 0 = -5*m + m + 3*i - 6379. Let u = -646 - m. What are the prime factors of u?
2, 3, 79
Suppose 0 = 3*d, -3*t = 7*d - 4*d + 2646. Let x = 489 + t. What are the prime factors of -6*x/22 - (-18)/(-99)?
107
Let v(i) be the second derivative of -i**5/5 - i**4/12 - 2*i**3/3 - 6*i**2 - 6*i - 3. List the prime factors of v(-4).
2, 61
Suppose -13549 + 158956 = 57*h. What are the prime factors of h?
2551
Let t = 2611 + -1811. Suppose -j = -5*s - t, -2078 - 407 = -3*j - 2*s. Suppose o - j = -4*o. List the prime factors of o.
3, 5, 11
List the prime factors of ((-6)/(-15))/(-3 + (-376138)/125380 + 6).
2, 6269
Suppose 0 = -10*h + 57*h - 235. What are the prime factors of -218*(-1 - 7) - (h - 6)?
5, 349
Let h be 4*((-2)/2 - 7595/(-20)). Suppose -h = -10*z + 325. Suppose 3*c = 2*v + c - 108, 4*v - z = -4*c. What are the prime factors of v?
2, 5
List the prime factors of 54/1107 + (-234465)/(-287).
19, 43
Let p(v) = -649*v - 9826. What are the prime factors of p(-51)?
17, 37
Suppose -11*z + 6*z = 5*u + 50, 5*z = 20. Let f(o) = 90*o + 15. Let c(r) = -13*r - 2. Let j(l) = -27*c(l) - 4*f(l). What are the prime factors of j(u)?
2, 3, 5
Let g = 75 - 73. Suppose 498 = 3*i - 3*w, 0*i - g*i - 5*w = -339. What are the prime factors of i?
167
Let i = 146 - 82. Let j = 125 - i. What are the prime factors of j?
61
Suppose 4*s = -2*r + 5137 + 15701, -10 = 2*r. List the prime factors of s.
2, 1303
Let i(z) = 3218*z**2 + 83*z + 17. List the prime factors of i(-3).
2, 5, 13, 17
Let f(l) = l**3 - 7*l**2 - l + 7. Let a be f(7). Let t(r) = 38 + 48 - 2*r + 2. List the prime factors of t(a).
2, 11
Suppose 5*x = x. Suppose 0 = 6*f - f + 5*v - 340, -3*f + 2*v + 224 = x. What are the prime factors of f + -1 + 1 + 3?
3, 5
Let w be (-36)/8*(-7)/(7/10). Let q be (-2 + 26/4)*1590/w. Suppose 5*o = -3*d + 697, 2*o = -d + 119 + q. List the prime factors of o.
137
Let n(j) = 2*j**2 - 3*j - 2. Let p be n(-1). Suppose -3*t - 57 = -2*b + 616, 0 = b + p*t - 332. Suppose -4*q + 421 + b = 0. List the prime factors of q.
3, 7
Suppose d = -2*y + 36, 4*y = -0*y. Suppose 19*g = 16*g + d. List the prime factors of (132/(-21))/(g/(-42)).
2, 11
Let v be (6 - 5/10)*-6. What are the prime factors of 71 - ((-3)/9*v - 5)?
5, 13
Let b(i) = -i**2 + 2*i + 123. Suppose -14*x = -6*x - 2*x. What are the prime factors of b(x)?
3, 41
What are the prime factors of 81*(8762/39 - -15)?
3, 719
Let v(l) = 26*l - 72. Let r(a) = -a. Let t(c) = -5*r(c) - v(c). What are the prime factors of t(-10)?
2, 3, 47
Let t(s) = 2*s - 12. Let a be t(0). Let y be 8/3 - 4/a. Let f = 6 + y. What are the prime factors of f?
3
Let b(r) = -13*r - 11. Let y be b(3). Let c be -3 + (8/36 - y/18). Let z = 185 - c. List the prime factors of z.
5, 37
Let a = -2688 - -10739. What are the prime factors of a?
83, 97
Let h(b) = -102*b + 657. Let q(g) = -15*g + 94. Let c(t) = -2*h(t) + 15*q(t). List the prime factors of c(-16).
2, 3
Suppose 0 = -4*a - 0*a - 3*p + 11, -2*p = -2. Let x be a/(1/(42/(-3))). Let q = 40 + x. What are the prime factors of q?
2, 3
Let p(f) = -f**2 + 6*f + 5. Let n be p(6). Suppose 2*o + 4*b = 52, -n*b + 3*b = 3*o - 58. List the prime factors of 2/o*22*32.
2, 11
Suppose 0 = -w - v - 414, 2*v + 1680 = -4*w + 4*v. Let l = w - -757. What are the prime factors of l?
3, 113
Suppose -6*q + 3*k - 55473 = -9*q, -k = -5*q + 92419. List the prime factors of q.
5, 3697
Let q = 5 + -6. Let s be 0/((-3)/(-2 + q)). List the prime factors of 42*1 + s/(-8).
2, 3, 7
Let l be 1 - (3 + -548 + 4 + -4). Let v = l - -100. What are the prime factors of v?
2, 17, 19
Let p(l) = -8*l - 81. Let j be p(-12). What are the prime factors of (3 - 159/j)*4*-35?
2, 7, 19
Let x = -3370 + 38924. What are the prime factors of x?
2, 29, 613
Let y be 2/7 - (-253)/(-77). What are the prime factors of (-18 - -15)*410/y?
2, 5, 41
Let s(q) = 6*q - 40. Let p be s(7). Let c(a) = p*a + 2 - 54*a + 4 - 5. List the prime factors of c(-3).
157
Suppose -19*t + 66 = 13917. Let b = t + 1396. List the prime factors of b.
23, 29
Let x(r) = -287*r + 32. Let o = 718 - 724. List the prime factors of x(o).
2, 877
List the prime factors of 21/6 - (5 + (-7 - (-480420)/(-8))).
2, 30029
Let r(g) = g**2 + 2*g + 3. Let x be r(-3). Suppose -x*l + l + 185 = -5*z, -5*l - 5*z = -215. Let t = -33 + l. What are the prime factors of t?
7
Suppose 20000 - 4675 = 25*v. Suppose -j + 3*n + v = 0, -7 + 6 = -n. What are the prime factors of j?
2, 7, 11
Let o(z) = 9*z**2 - 17*z + 8. Let h(x) = -2*x**2 - 26*x + 7. Let b be h(-13). What are the prime factors of o(b)?
2, 3, 5, 11
Let q(f) = -f**3 - 17*f**2 - 7*f + 90. Let u(y) = 2*y**2 - y - 1. Let x(i) = -q(i) + u(i). List the prime factors of x(-13).
5, 13
Let s(x) = -x**3 - 4*x**2 - x + 7. Let p = 84 - 121. Let l = 31 + p. What are the prime factors of s(l)?
5, 17
Let p(f) = -f**2 + 6*f - 4. Let d be p(2). Suppose 3*i + 39 = 5*n + 5*i, d*n + 5*i - 21 = 0. List the prime factors of n.
3
Let a(u) = u**3 + 19*u**2 - 16*u - 16. Let t be a(12). Suppose 0 = 50*k - 54*k + t. Suppose 9*m - m - k = 0. List the prime factors of m.
7, 19
Let b be 5 + -12 + 10 + 4 + -1. What are the prime factors of (b - 8)*(-2 - 111)?
2, 113
Let p be 5/3*3*-1. Let l(m) = 18*m + 15. Let c(u) = -4*u + 1. Let d(o) = c(o) - l(o). What are the prime factors of d(p)?
2, 3
Suppose -50 = -7*v - 3*v. Suppose -2*c = -2*d 